{"id":2488,"date":"2023-12-06T15:42:11","date_gmt":"2023-12-06T14:42:11","guid":{"rendered":"https:\/\/batuvodkazsvetu.cz\/?page_id=2488"},"modified":"2024-04-08T12:55:22","modified_gmt":"2024-04-08T10:55:22","slug":"blok-a-rozhodovani-mistnich-samosprav-data-vs-emoce","status":"publish","type":"page","link":"https:\/\/batuvodkazsvetu.cz\/index.php\/blok-a-rozhodovani-mistnich-samosprav-data-vs-emoce\/","title":{"rendered":"Blok A: Rozhodov\u00e1n\u00ed m\u00edstn\u00edch samospr\u00e1v: data vs. emoce"},"content":{"rendered":"\n<p><strong><em>Obce, m\u011bsta i kraje prakticky neust\u00e1le rozhoduj\u00ed o z\u00e1sadn\u00edch ot\u00e1zk\u00e1ch, kter\u00e9 maj\u00ed dopad na \u017eivot ka\u017ed\u00e9ho z n\u00e1s. P\u0159itom se pohybuj\u00ed ve st\u00e1le slo\u017eit\u011bj\u0161\u00edm a informa\u010dn\u011b nabit\u011bj\u0161\u00edm sv\u011bt\u011b. Vyu\u017e\u00edvaj\u00ed pro sv\u00e1 z\u00e1sadn\u00ed rozhodnut\u00ed dostatek evidence a dat? A jakou roli hraje v rozhodov\u00e1n\u00ed psychologie? Jak\u00e9 jsou modern\u00ed metody p\u0159edv\u00edd\u00e1n\u00ed budouc\u00edho v\u00fdvoje? A jak \u0159\u00eddil m\u011bsto Ba\u0165a?&nbsp;Lze naj\u00edt inspiraci?<\/em><\/strong><\/p>\n\n\n\n<h4 class=\"wp-block-heading\"><strong>Moder\u00e1tor:<\/strong><\/h4>\n\n\n\n<p><a href=\"https:\/\/batuvodkazsvetu.cz\/index.php\/blok-a-rozhodovani-mistnich-samosprav-data-vs-emoce\/#kucera\">Filip KU\u010cERA<\/a><\/p>\n\n\n\n<div id=\"korec\" class=\"wp-block-group has-global-padding is-layout-constrained wp-block-group-is-layout-constrained\">\n<figure class=\"wp-block-image alignright size-full is-resized is-style-rounded\"><img loading=\"lazy\" decoding=\"async\" width=\"150\" height=\"150\" src=\"https:\/\/batuvodkazsvetu.cz\/wp-content\/uploads\/2023\/12\/korec-2.jpg\" alt=\"\" class=\"wp-image-2797\" style=\"object-fit:cover;width:150px;height:150px\"\/><\/figure>\n\n\n\n<h2 class=\"wp-block-heading\"><strong>Ji\u0159\u00ed KOREC \u2013 Statut\u00e1rn\u00ed m\u011bsto Zl\u00edn<\/strong><\/h2>\n\n\n\n<p>Na \u010cesk\u00e9m vysok\u00e9m u\u010den\u00ed technick\u00e9m v Praze vystudoval obory Kybernetika a m\u011b\u0159en\u00ed, Biomedic\u00ednsk\u00e9 in\u017een\u00fdrstv\u00ed a Podnik\u00e1n\u00ed a management v pr\u016fmyslu. V letech 2012 a\u017e 2016 pracoval na pozici vedouc\u00edho technick\u00e9ho odd\u011blen\u00ed ve zl\u00ednsk\u00e9 spole\u010dnosti zab\u00fdvaj\u00edc\u00ed se v\u00fdrobou zdravotnick\u00e9 m\u011b\u0159\u00edc\u00ed techniky. Do komun\u00e1ln\u00ed politiky vstoupil v roce 2014, kdy byl zvolen do Zastupitelstva m\u011bsta Zl\u00edna. Stal se \u010dlenem kontroln\u00edho v\u00fdboru, spr\u00e1vn\u00ed rady fondu ml\u00e1de\u017ee a t\u011blov\u00fdchovy, a komis\u00ed. Na podzim roku 2016 se stal n\u00e1m\u011bstkem prim\u00e1tora, do jeho kompetenc\u00ed pat\u0159ila kultura, spr\u00e1va byt\u016f, oblast IT a pozd\u011bji i investice. V roce 2018 byl op\u011bt zvolen do zastupitelstva m\u011bsta a na jeho ustavuj\u00edc\u00edm zased\u00e1n\u00ed dne 1. listopadu 2018 byl zvolen prim\u00e1torem m\u011bsta Zl\u00edna. Do jeho kompetenc\u00ed pat\u0159\u00ed nap\u0159\u00edklad oblast realizace investi\u010dn\u00edch akc\u00ed, strategick\u00e9ho rozvoje, dotac\u00ed, bydlen\u00ed a cestovn\u00edho ruchu a je garantem spolupr\u00e1ce m\u011bsta s UTB. Ji\u0159\u00ed Korec je dosud nejmlad\u0161\u00edm prim\u00e1torem v novodob\u00e9 historii m\u011bsta Zl\u00edna.<\/p>\n<\/div>\n\n\n\n<div id=\"gargulak\" class=\"wp-block-group has-global-padding is-layout-constrained wp-block-group-is-layout-constrained\">\n<figure class=\"wp-block-image alignright size-full is-resized is-style-rounded\"><img loading=\"lazy\" decoding=\"async\" width=\"150\" height=\"150\" src=\"https:\/\/batuvodkazsvetu.cz\/wp-content\/uploads\/2023\/12\/GARGULAK.jpg\" alt=\"\" class=\"wp-image-2643\" style=\"object-fit:cover;width:150px;height:150px\"\/><\/figure>\n\n\n\n<h2 class=\"wp-block-heading\"><strong>Karel GARGUL\u00c1K<\/strong> <strong>&#8211; PAQ Research<\/strong><\/h2>\n\n\n\n<p>Karel Gargul\u00e1k se profesn\u011b zab\u00fdv\u00e1 strategick\u00fdm \u0159\u00edzen\u00edm vzd\u011bl\u00e1vac\u00edch syst\u00e9m\u016f a anal\u00fdzou, tvorbou a realizac\u00ed vzd\u011bl\u00e1vac\u00ed politiky. P\u016fsobil jako analytik na \u00da\u0159adu vl\u00e1dy \u010cesk\u00e9 republiky nebo Ministerstvu \u0161kolstv\u00ed, ml\u00e1de\u017ee a t\u011blov\u00fdchovy. St\u00e1l za projektem p\u0159\u00edpravy Strategie vzd\u011bl\u00e1vac\u00ed politiky \u010cR do roku 2030+. Jako analytik a konzultant spolupracuje \u010di spolupracoval s organizacemi PAQ Research, Technologick\u00e1 agentura \u010cesk\u00e9 republiky, D\u016fm zahrani\u010dn\u00ed spolupr\u00e1ce \u010di EDUin a s m\u00edstn\u00edmi \u010di krajsk\u00fdmi samospr\u00e1vami.<\/p>\n<\/div>\n\n\n\n<div id=\"hruza\" class=\"wp-block-group has-global-padding is-layout-constrained wp-block-group-is-layout-constrained\">\n<figure class=\"wp-block-image alignright size-full is-resized is-style-rounded\"><img loading=\"lazy\" decoding=\"async\" width=\"215\" height=\"215\" src=\"https:\/\/batuvodkazsvetu.cz\/wp-content\/uploads\/2023\/12\/Hru\u030aza.png\" alt=\"\" class=\"wp-image-2645\" style=\"object-fit:cover;width:150px;height:150px\" srcset=\"https:\/\/batuvodkazsvetu.cz\/wp-content\/uploads\/2023\/12\/Hru\u030aza.png 215w, https:\/\/batuvodkazsvetu.cz\/wp-content\/uploads\/2023\/12\/Hru\u030aza-150x150.png 150w\" sizes=\"auto, (max-width: 215px) 100vw, 215px\" \/><\/figure>\n\n\n\n<h2 class=\"wp-block-heading\"><strong>Filip HR\u016eZA<\/strong> <strong>&#8211; Institut ve\u0159ejn\u00e9 spr\u00e1vy ESF MU<\/strong><\/h2>\n\n\n\n<p>Filip Hr\u016fza p\u016fsob\u00ed jako \u0159editel Institutu ve\u0159ejn\u00e9 spr\u00e1vy, kter\u00e1 je sou\u010d\u00e1st\u00ed Ekonomicko-spr\u00e1vn\u00ed fakulty Masarykovy univerzity. Vedl nebo byl sou\u010d\u00e1st\u00ed \u0159ady projekt\u016f zam\u011b\u0159en\u00fdch na ve\u0159ejn\u00e9 finance a problematiku \u00fazemn\u00edch samospr\u00e1v. Je tak\u00e9 3. m\u00edstostarostou M\u011bstsk\u00e9 \u010d\u00e1sti Brno-\u0158e\u010dkovice a Mokr\u00e1 Hora.<\/p>\n<\/div>\n\n\n\n<div id=\"marecek\" class=\"wp-block-group has-global-padding is-layout-constrained wp-block-group-is-layout-constrained\">\n<figure class=\"wp-block-image alignright size-full is-resized is-style-rounded\"><img loading=\"lazy\" decoding=\"async\" width=\"150\" height=\"150\" src=\"https:\/\/batuvodkazsvetu.cz\/wp-content\/uploads\/2023\/12\/marecek.jpg\" alt=\"\" class=\"wp-image-2799\" style=\"object-fit:cover;width:150px;height:150px\"\/><\/figure>\n\n\n\n<h2 class=\"wp-block-heading\"><strong>David MARE\u010cEK<\/strong> <strong>&#8211; Zl\u00ednsk\u00fd kraj<\/strong><\/h2>\n\n\n\n<p>David Mare\u010dek pracuje na odboru strategick\u00e9ho rozvoje kraje na Krajsk\u00e9m \u00fa\u0159adu Zl\u00ednsk\u00e9ho kraje od roku 2002, od roku 2016 na pozici vedouc\u00edho odd\u011blen\u00ed koncepc\u00ed a anal\u00fdz. Pod\u00edlel se na p\u0159\u00edprav\u011b cel\u00e9 \u0159ady koncep\u010dn\u00edch dokument\u016f kraje (nap\u0159. Strategie rozvoje Zl\u00ednsk\u00e9ho kraje 2030, Region\u00e1ln\u00ed inova\u010dn\u00ed strategie Zl\u00ednsk\u00e9ho kraje), byl zapojen do p\u0159\u00edpravy a realizace projekt\u016f t\u00fdkaj\u00edc\u00edch se region\u00e1ln\u00edho rozvoje, podpory podnik\u00e1n\u00ed a inovac\u00ed. Pr\u00e1ci s daty pova\u017euje za ned\u00edlnou a d\u016fle\u017eitou sou\u010d\u00e1st p\u0159\u00edpravy koncep\u010dn\u00edch dokument\u016f i vyhodnocov\u00e1n\u00ed jejich implementace.<\/p>\n<\/div>\n\n\n\n<div id=\"vrana\" class=\"wp-block-group has-global-padding is-layout-constrained wp-block-group-is-layout-constrained\">\n<figure class=\"wp-block-image alignright size-full is-resized is-style-rounded\"><img loading=\"lazy\" decoding=\"async\" width=\"150\" height=\"150\" src=\"https:\/\/batuvodkazsvetu.cz\/wp-content\/uploads\/2023\/12\/Vra\u0301na.jpg\" alt=\"\" class=\"wp-image-2647\" style=\"object-fit:cover;width:150px;height:150px\"\/><\/figure>\n\n\n\n<h2 class=\"wp-block-heading\"><strong>Petr VR\u00c1NA<\/strong> <strong>\u2013 CzechInvest, TIC<\/strong> <strong>s.r.o.<\/strong><\/h2>\n\n\n\n<p>Petr Vr\u00e1na vystudoval geografii a region\u00e1ln\u00ed rozvoj na Univerzit\u011b Karlov\u011b v Praze. Jeho profesn\u00ed \u017eivot je spjat\u00fd p\u0159edev\u0161\u00edm s analytikou v\u00fdkonnosti inova\u010dn\u00edch podnik\u016f a region\u016f. P\u016fsobil jako datov\u00fd analytik v brn\u011bnsk\u00e9 inova\u010dn\u00ed agentu\u0159e JIC, v otrokovick\u00e9 spole\u010dnosti Continental a v sou\u010dasnosti p\u016fsob\u00ed v n\u00e1rodn\u00ed agentu\u0159e CzechInvest a Technologick\u00e9m inova\u010dn\u00edm centru Zl\u00edn, ve kter\u00e9m s jeho kolegy p\u0159ipravuje interaktivn\u00ed datov\u00fd port\u00e1l Zl\u00ednsk\u00e9ho kraje mj. s tematikou smart city\/village.<\/p>\n<\/div>\n\n\n\n<div id=\"kucera\" class=\"wp-block-group has-global-padding is-layout-constrained wp-block-group-is-layout-constrained\">\n<figure class=\"wp-block-image alignright size-full is-resized is-style-rounded\"><img loading=\"lazy\" decoding=\"async\" width=\"277\" height=\"277\" src=\"https:\/\/batuvodkazsvetu.cz\/wp-content\/uploads\/2023\/12\/KUCERA.jpg\" alt=\"\" class=\"wp-image-2646\" style=\"object-fit:cover;width:150px;height:150px\" srcset=\"https:\/\/batuvodkazsvetu.cz\/wp-content\/uploads\/2023\/12\/KUCERA.jpg 277w, https:\/\/batuvodkazsvetu.cz\/wp-content\/uploads\/2023\/12\/KUCERA-150x150.jpg 150w\" sizes=\"auto, (max-width: 277px) 100vw, 277px\" \/><\/figure>\n\n\n\n<h2 class=\"wp-block-heading\"><strong>Filip KU\u010cERA<\/strong> <strong>&#8211; UTB ve Zl\u00edn\u011b<\/strong><\/h2>\n\n\n\n<p>Filip Ku\u010dera p\u016fsob\u00ed na \u00dastavu region\u00e1ln\u00edho rozvoje ve\u0159ejn\u00e9 spr\u00e1vy a pr\u00e1va Fakulty managementu a ekonomiky Univerzity Tom\u00e1\u0161e Bati ve Zl\u00edn\u011b. Nejv\u00edce se zaj\u00edm\u00e1 o vyu\u017eit\u00ed poznatk\u016f z behavior\u00e1ln\u00edch v\u011bd p\u0159i \u0159e\u0161en\u00ed aktu\u00e1ln\u00edch probl\u00e9m\u016f a v\u00fdzev organizac\u00ed ve\u0159ejn\u00e9 spr\u00e1vy. Byl nebo je hlavn\u00edm \u0159e\u0161itelem n\u011bkolik projekt\u016f aplikovan\u00e9ho v\u00fdzkumu podpo\u0159en\u00fdch Technologickou agenturou \u010cR. Krom\u011b toho se pod\u00edlel na p\u0159\u00edprav\u011b \u0159ady projekt\u016f, anal\u00fdz i strategick\u00fdch dokument\u016f pro \u00fazemn\u00ed samospr\u00e1vy.<\/p>\n<\/div>\n\n\n\n<div id=\"kubicek\" class=\"wp-block-group has-global-padding is-layout-constrained wp-block-group-is-layout-constrained\">\n<figure class=\"wp-block-image alignright size-full is-resized is-style-rounded\"><img loading=\"lazy\" decoding=\"async\" width=\"150\" height=\"154\" src=\"https:\/\/batuvodkazsvetu.cz\/wp-content\/uploads\/2024\/03\/Petr-Kubicek-150.jpg\" alt=\"\" class=\"wp-image-3015\" style=\"object-fit:cover;width:150px;height:150px\"\/><\/figure>\n\n\n\n<h2 class=\"wp-block-heading\"><strong>Petr Kub\u00ed\u010dek \u2013 ZRIA, a.s.<\/strong><\/h2>\n\n\n\n<p>Petr Kub\u00ed\u010dek je \u0159editel strategick\u00e9ho rozvoje nov\u00e9 krajsk\u00e9 rozvojov\u00e9 agentury ZRIA (Zlin Region Investment Agency) s c\u00edlem: Umo\u017enit lidem \u017e\u00edt lok\u00e1ln\u011b ve Zl\u00ednsk\u00e9m kraji a p\u0159itom podnikat, pracovat a p\u0159em\u00fd\u0161let glob\u00e1ln\u011b. Petr je fanou\u0161ek zjednodu\u0161ov\u00e1n\u00ed \u017eivota na v\u0161ech jeho \u00farovn\u00edch. Strategick\u00fd inov\u00e1tor, v posledn\u00ed dob\u011b nej\u010dast\u011bji k zasti\u017een\u00ed v\u0161ude tam, kde je t\u0159eba rozv\u00ed\u0159it za\u017eit\u00e9 stereotypy a nechat vyniknout lidsk\u00fd potenci\u00e1l. S odhodl\u00e1n\u00edm sob\u011b vlastn\u00edm pom\u00e1hal jako zakladatel a CEO softwarov\u00e9 spole\u010dnosti B2A zv\u00fd\u0161it r\u016fst a v\u00fdkonnost firem v nestabiln\u00edm 21. stolet\u00ed, zefektivnit procesy, udr\u017eet si kvalitn\u00ed zam\u011bstnance, a p\u0159edev\u0161\u00edm \u2013 oslovit ty budouc\u00ed. Generaci, zvyklou neztr\u00e1cet \u010das\u2026 Pod\u00edlel se na digit\u00e1ln\u00ed transformaci \u010desk\u00fdch v\u00fdrobn\u00edch, dopravn\u00edch a servisn\u00edch firem, mezi nimi\u017e byly nap\u0159\u00edklad i vizovick\u00e1 KOMA Modular nebo Ego\u00e9 z B\u00edlovic.<br>Du\u0161\u00ed i rodn\u00fdm listem Zl\u00ed\u0148an, ka\u017ed\u00fd den usiluj\u00edc\u00ed o p\u0159\u00edvlastek hrd\u00fd, kter\u00fd s nads\u00e1zkou mluv\u00ed o Zl\u00edn\u011b jako o Otci m\u011bst. S nevy\u010derpatelnou chut\u00ed pozitivn\u011b ovlivnit sv\u011bt pod\u011bd\u011bnou po d\u011bdovi, hrd\u00e9m Ba\u0165ovci, si ze v\u0161eho nejv\u00edc p\u0159eje lep\u0161\u00ed \u017eivot pro sv\u00e9 d\u011bti a d\u011bti sv\u00fdch d\u011bt\u00ed.<\/p>\n<\/div>\n","protected":false},"excerpt":{"rendered":"<p>Obce, m\u011bsta i kraje prakticky neust\u00e1le rozhoduj\u00ed o z\u00e1sadn\u00edch ot\u00e1zk\u00e1ch, kter\u00e9 maj\u00ed dopad na \u017eivot ka\u017ed\u00e9ho z n\u00e1s. P\u0159itom se pohybuj\u00ed ve st\u00e1le slo\u017eit\u011bj\u0161\u00edm a informa\u010dn\u011b nabit\u011bj\u0161\u00edm sv\u011bt\u011b. Vyu\u017e\u00edvaj\u00ed pro sv\u00e1 z\u00e1sadn\u00ed rozhodnut\u00ed dostatek evidence a dat? A jakou roli hraje v rozhodov\u00e1n\u00ed psychologie? Jak\u00e9 jsou modern\u00ed metody p\u0159edv\u00edd\u00e1n\u00ed budouc\u00edho v\u00fdvoje? A jak \u0159\u00eddil m\u011bsto [&hellip;]<\/p>\n","protected":false},"author":1,"featured_media":0,"parent":0,"menu_order":0,"comment_status":"closed","ping_status":"closed","template":"","meta":{"_exactmetrics_skip_tracking":false,"_exactmetrics_sitenote_active":false,"_exactmetrics_sitenote_note":"","_exactmetrics_sitenote_category":0,"ngg_post_thumbnail":0,"footnotes":""},"class_list":["post-2488","page","type-page","status-publish","hentry"],"_links":{"self":[{"href":"https:\/\/batuvodkazsvetu.cz\/index.php\/wp-json\/wp\/v2\/pages\/2488","targetHints":{"allow":["GET"]}}],"collection":[{"href":"https:\/\/batuvodkazsvetu.cz\/index.php\/wp-json\/wp\/v2\/pages"}],"about":[{"href":"https:\/\/batuvodkazsvetu.cz\/index.php\/wp-json\/wp\/v2\/types\/page"}],"author":[{"embeddable":true,"href":"https:\/\/batuvodkazsvetu.cz\/index.php\/wp-json\/wp\/v2\/users\/1"}],"replies":[{"embeddable":true,"href":"https:\/\/batuvodkazsvetu.cz\/index.php\/wp-json\/wp\/v2\/comments?post=2488"}],"version-history":[{"count":16,"href":"https:\/\/batuvodkazsvetu.cz\/index.php\/wp-json\/wp\/v2\/pages\/2488\/revisions"}],"predecessor-version":[{"id":3055,"href":"https:\/\/batuvodkazsvetu.cz\/index.php\/wp-json\/wp\/v2\/pages\/2488\/revisions\/3055"}],"wp:attachment":[{"href":"https:\/\/batuvodkazsvetu.cz\/index.php\/wp-json\/wp\/v2\/media?parent=2488"}],"curies":[{"name":"wp","href":"https:\/\/api.w.org\/{rel}","templated":true}]}}