{"id":2572,"date":"2023-12-08T08:53:24","date_gmt":"2023-12-08T07:53:24","guid":{"rendered":"https:\/\/batuvodkazsvetu.cz\/?page_id=2572"},"modified":"2024-04-21T22:02:13","modified_gmt":"2024-04-21T20:02:13","slug":"blok-a-lide-a-technologie-synergie-pro-budoucnost","status":"publish","type":"page","link":"https:\/\/batuvodkazsvetu.cz\/index.php\/blok-a-lide-a-technologie-synergie-pro-budoucnost\/","title":{"rendered":"Blok A: Lid\u00e9 a technologie: Synergie pro budoucnost"},"content":{"rendered":"\n<p><strong><em>Synergie mezi lidmi a technologiemi je stavebn\u00edm kamenem budouc\u00edho sv\u011bta. Harmonick\u00e1 spolupr\u00e1ce otev\u00edr\u00e1 dve\u0159e k nekone\u010dn\u00fdm mo\u017enostem inovac\u00ed a rozvoje, p\u0159in\u00e1\u0161ej\u00edc\u00edch prosperitu a lep\u0161\u00ed kvalitu \u017eivota pro n\u00e1s v\u0161echny. Jak tato synergie m\u016f\u017ee maximalizovat p\u0159\u00ednosy lidsk\u00fdch schopnost\u00ed na jedn\u00e9 stran\u011b a mo\u017enost\u00ed, kter\u00e9 nab\u00edz\u00ed technologie na druh\u00e9 stran\u011b a z\u00e1rove\u0148 minimalizovat omezen\u00ed ka\u017ed\u00e9 z nich?<\/em><\/strong><\/p>\n\n\n\n<h4 class=\"wp-block-heading\"><strong>Moder\u00e1to\u0159i:<\/strong><\/h4>\n\n\n\n<p><a href=\"https:\/\/batuvodkazsvetu.cz\/index.php\/blok-a-lide-a-technologie-synergie-pro-budoucnost\/#masek\">Jan MA\u0160EK<\/a><\/p>\n\n\n\n<p><a href=\"https:\/\/batuvodkazsvetu.cz\/index.php\/blok-a-lide-a-technologie-synergie-pro-budoucnost\/#novak\">Viktor NOV\u00c1K<\/a><\/p>\n\n\n\n<div id=\"laznicka\" class=\"wp-block-group has-global-padding is-layout-constrained wp-block-group-is-layout-constrained\">\n<figure class=\"wp-block-image alignright size-full is-resized is-style-rounded\"><img loading=\"lazy\" decoding=\"async\" width=\"150\" height=\"150\" src=\"https:\/\/batuvodkazsvetu.cz\/wp-content\/uploads\/2019\/04\/libor_laznicka.png\" alt=\"\" class=\"wp-image-789\" style=\"object-fit:cover;width:150px;height:150px\"\/><\/figure>\n\n\n\n<h2 class=\"wp-block-heading\"><strong>Libor L\u00c1ZNI\u010cKA<\/strong> <strong>&#8211; Continental Barum s.r.o.<\/strong><\/h2>\n\n\n\n<p>Narodil se ve Zl\u00edn\u011b, vystudoval V\u0160CHT v Praze. Absolvoval dvouletou st\u00e1\u017e v centr\u00e1le koncernu Continental AG v Hannoveru. V letech 2003 \u2013 2005 p\u016fsobil v Continental Matador P\u00fachov jako \u0159editel v\u00fdroby. V sou\u010dasnosti p\u016fsob\u00ed ve funkci jednatele firmy Continental Barum v Otrokovic\u00edch. Po sv\u00e9m n\u00e1stupu do nejvy\u0161\u0161\u00ed funkce v z\u00e1vod\u011b Otrokovice vybudoval mlad\u00fd efektivn\u00ed t\u00fdm s vysokou dynamikou, orientovan\u00fd na dal\u0161\u00ed budoucnost podniku. Je m\u00edstop\u0159edsedou Spr\u00e1vn\u00ed rady UTB ve Zl\u00edn\u011b, \u010dlenem V\u011bdeck\u00e9 rady UTB ve Zl\u00edn\u011b, p\u0159edn\u00e1\u0161\u00ed pro \u201eNadan\u00e9 studenty\u201c na Fakult\u011b managementu a ekonomiky..<\/p>\n<\/div>\n\n\n\n<div id=\"kremecek\" class=\"wp-block-group has-global-padding is-layout-constrained wp-block-group-is-layout-constrained\">\n<figure class=\"wp-block-image alignright size-full is-resized is-style-rounded\"><img loading=\"lazy\" decoding=\"async\" width=\"150\" height=\"150\" src=\"https:\/\/batuvodkazsvetu.cz\/wp-content\/uploads\/2023\/12\/kremecek.jpg\" alt=\"\" class=\"wp-image-2829\" style=\"object-fit:cover;width:150px;height:150px\"\/><\/figure>\n\n\n\n<h2 class=\"wp-block-heading\"><strong>Josef K\u0158EME\u010cEK \u2013 Yokohama TWS Czech Republic<\/strong><\/h2>\n\n\n\n<p>V\u00fdkonn\u00fd \u0159editel Yokohama TWS Czech Republic a.s., svoji kari\u00e9ru za\u010dal jako \u0159adov\u00fd konfekcion\u00e9r v&nbsp;tehdej\u0161\u00edm Barumu. Postupn\u011b p\u0159i pr\u00e1ci vystudoval Fakultu managementu a ekonomiky na UTB ve Zl\u00edn\u011b a d\u00e1le z\u00edskal titul MBA na Business school v&nbsp;Brn\u011b.Po akvizici divize zem\u011bd\u011blsk\u00fdch pl\u00e1\u0161\u0165\u016f spole\u010dnost\u00ed \u010cGS je od roku 2005 nep\u0159etr\u017eit\u011b \u0159editelem z\u00e1vod\u016f v&nbsp;\u010cesk\u00e9 republice a nyn\u00ed tak\u00e9 v&nbsp;Srbsku a tuto pozici obh\u00e1jil i pod nov\u00fdmi vlastn\u00edky, kte\u0159\u00ed postupn\u011b p\u0159ich\u00e1zeli.Je \u017eenat\u00fd, m\u00e1 dva dosp\u011bl\u00e9 syny a \u010dty\u0159i vnou\u010data, kter\u00fdm se ve sv\u00e9m voln\u00e9m \u010dase s&nbsp;radost\u00ed v\u011bnuje. Je rovn\u011b\u017e velk\u00fdm fandou hokeje a v\u00edna.<\/p>\n<\/div>\n\n\n\n<div id=\"stodulka\" class=\"wp-block-group has-global-padding is-layout-constrained wp-block-group-is-layout-constrained\">\n<figure class=\"wp-block-image alignright size-full is-resized is-style-rounded\"><img loading=\"lazy\" decoding=\"async\" width=\"150\" height=\"150\" src=\"https:\/\/batuvodkazsvetu.cz\/wp-content\/uploads\/2024\/03\/2020-Stodulka-Pavel_150.jpg\" alt=\"\" class=\"wp-image-3016\" style=\"object-fit:cover;width:150px;height:150px\"\/><\/figure>\n\n\n\n<h2 class=\"wp-block-heading\"><strong>Pavel Stod\u016flka \u2013 GEMINI o\u010dn\u00ed klinika a.s.<\/strong><\/h2>\n\n\n\n<p>Mezin\u00e1rodn\u011b uzn\u00e1van\u00fd inov\u00e1tor o\u010dn\u00ed chirurgie a zakladatel a p\u0159ednosta o\u010dn\u00edch klinik Gemini v \u010cR a v Rakousku, kter\u00e9 prov\u00e1d\u011bj\u00ed ro\u010dn\u011b okolo 50 000 o\u010dn\u00edch operac\u00ed. Vyu\u010duje oftalmologii na Karlov\u011b univerzit\u011b v Praze. V sou\u010dasnosti je jako prvn\u00ed l\u00e9ka\u0159 centr\u00e1ln\u00ed Evropy prezidentem Americko-evropsk\u00e9 odborn\u00e9 spole\u010dnosti AECOS a jako prvn\u00ed \u010desk\u00fd oftalmolog \u010dlen v\u00fdboru odborn\u00e9 evropsk\u00e9 spole\u010dnosti ESCRS. Jako prvn\u00ed na sv\u011bt\u011b provedl n\u011bkolik o\u010dn\u00edch operac\u00ed a celou \u0159adu jich jako prvn\u00ed zavedl v \u010cR. V \u010cR zavedl v\u00fdrobu modern\u00edch nitroo\u010dn\u00edch \u010do\u010dek, kter\u00fdch bylo implantov\u00e1no ji\u017e p\u0159es 20 000. Operoval nap\u0159. Tom\u00e1\u0161e Ba\u0165u jr., V\u00e1clava Klause. Poda\u0159ilo se mu implantac\u00ed um\u011bl\u00e9 rohovky vr\u00e1tit zrak n\u011bkolika pacient\u016fm, kte\u0159\u00ed byli slep\u00ed d\u00e9le ne\u017e p\u016fl stolet\u00ed o \u010dem\u017e vznikla odborn\u00e1 publikace dokumentuj\u00edc\u00ed n\u00e1vrat zraku po nejd\u00e9le trvaj\u00edc\u00ed slepot\u011b dokumentovan\u00e9 v odborn\u00e9 literatu\u0159e. Obdr\u017eel cenu Emilio Campos od Italsk\u00e9 oftalmologick\u00e9 spole\u010dnosti za inovace v oftalmologii, st\u00e1tn\u00ed vyznamen\u00e1n\u00ed za z\u00e1sluhy o st\u00e1t v oblasti v\u011bdy, st\u0159\u00edbrnou medaili sen\u00e1tu, Jeseniovu cenu l\u00e9ka\u0159 roku a dal\u0161\u00ed. Spoluvyvinul Capsulaser pro operaci o\u010dn\u00ed \u010do\u010dky a je autorem v\u00edce ne\u017e tis\u00edcovky p\u0159edn\u00e1\u0161ek v \u010cR i v zahrani\u010d\u00ed a \u0159ady odborn\u00fdch publikac\u00ed.<\/p>\n<\/div>\n\n\n\n<div id=\"bernatek\" class=\"wp-block-group has-global-padding is-layout-constrained wp-block-group-is-layout-constrained\">\n<figure class=\"wp-block-image alignright size-full is-resized is-style-rounded\"><img loading=\"lazy\" decoding=\"async\" width=\"209\" height=\"208\" src=\"https:\/\/batuvodkazsvetu.cz\/wp-content\/uploads\/2023\/12\/BERNATEK.jpg\" alt=\"\" class=\"wp-image-2598\" style=\"object-fit:cover;width:150px;height:150px\" srcset=\"https:\/\/batuvodkazsvetu.cz\/wp-content\/uploads\/2023\/12\/BERNATEK.jpg 209w, https:\/\/batuvodkazsvetu.cz\/wp-content\/uploads\/2023\/12\/BERNATEK-150x150.jpg 150w\" sizes=\"auto, (max-width: 209px) 100vw, 209px\" \/><\/figure>\n\n\n\n<h2 class=\"wp-block-heading\"><strong>Martin BERN\u00c1TEK<\/strong> <strong>\u2013 Ove\u010dk\u00e1rna.cz<\/strong><\/h2>\n\n\n\n<p>Martin je founder e-shopu Ove\u010dk\u00e1rna.cz, kter\u00fd dovedl a\u017e k 300 mil. obratu. Od oby\u010dejn\u00e9ho st\u00e1nku vybudoval silnou firmu, kter\u00e1 expandovala a ji\u017e \u00fasp\u011b\u0161n\u011b funguje na 4 zahrani\u010dn\u00edch trz\u00edch. Od zalo\u017een\u00ed si pro\u0161el v\u0161emi funkcemi, a to od CEO, CMO a\u017e po \u0159\u00edzen\u00ed rychle rostouc\u00ed firmy s \u0161edes\u00e1ti zam\u011bstnanci. Po prodeji Ove\u010dk\u00e1rny se rozhodl pom\u00e1hat a budovat \u010deskou e-commerce a sna\u017e\u00ed se \u0161\u00ed\u0159it pov\u011bdom\u00ed o Brand leadershipu, d\u00edky tomu p\u0159isp\u00edv\u00e1 k rozvoji firem v r\u016fzn\u00fdch odv\u011btv\u00edch. Mimo jin\u00e9 je v\u00e1\u0161niv\u00fdm sportovcem.<\/p>\n<\/div>\n\n\n\n<div id=\"husek\" class=\"wp-block-group has-global-padding is-layout-constrained wp-block-group-is-layout-constrained\">\n<figure class=\"wp-block-image alignright size-full is-resized is-style-rounded\"><img loading=\"lazy\" decoding=\"async\" width=\"150\" height=\"150\" src=\"https:\/\/batuvodkazsvetu.cz\/wp-content\/uploads\/2023\/12\/husek.jpg\" alt=\"\" class=\"wp-image-2668\" style=\"object-fit:cover;width:150px;height:150px\"\/><\/figure>\n\n\n\n<h2 class=\"wp-block-heading\"><strong>Jan HU\u0160EK<\/strong> <strong>\u2013 INEKON SYSTEMS<\/strong><\/h2>\n\n\n\n<p>Absolvent \u010cVUT Fakulty strojn\u00ed, \u00fastavu \u0158\u00edzen\u00ed a ekonomika podniku. V roce 2005 se sv\u00fdmi dv\u011bma spole\u010dn\u00edky zalo\u017eil firmu INEKON SYSTEMS, kde 13 let p\u016fsobil jako obchodn\u00ed \u0159editel a v\u00fdkonn\u00fdm \u0159editelem byl od roku 2017 do listopadu 2022, kdy se INEKON SYSTEMS stal \u010dlenem skupiny ABRA Software. V sou\u010dasnosti je jednatelem. Jan spolupracoval na n\u00e1vrhu a n\u00e1sledn\u00e9 implementaci syst\u00e9m\u016f na podporu mana\u017eersk\u00e9ho rozhodov\u00e1n\u00ed ve v\u00edce ne\u017e stovce v\u00fdznamn\u00fdch spole\u010dnost\u00ed v \u010cesk\u00e9 a Slovensk\u00e9 republice, jako nap\u0159. Agrofert, Bud\u011bjovick\u00fd Budvar, STOCK Plze\u0148 \u2013 Bo\u017ekov, \u010cEPRO, Mondi \u0160t\u011bt\u00ed, \u017dOS Zvolen, \u010cesk\u00e1 po\u0161ta, MADETA, \u010cesk\u00e1 Zbrojovka, Kofola nebo Ham\u00e9. Roku 2006 se jako \u010dlen p\u0159edstavenstva v\u011bnoval krizov\u00e9mu \u0159\u00edzen\u00ed a restrukturalizaci spole\u010dnosti Druchema a v roce 2018 se pod\u00edlel na jej\u00edm \u00fasp\u011b\u0161n\u00e9m prodeji strategick\u00e9mu investorovi. Od sv\u00e9ho doktorsk\u00e9ho studia pr\u016fb\u011b\u017en\u011b p\u0159edn\u00e1\u0161\u00ed na \u0159ad\u011b vysok\u00fdch \u0161kol, nap\u0159. na V\u0160E, na \u010cVUT \u010di na UTB ve Zl\u00edn\u011b. Mezi z\u00e1liby \u0159ad\u00ed sport &#8211; tenis, squash nebo p\u0159espoln\u00ed b\u011bh. Je \u017eenat\u00fd a m\u00e1 dva syny Adama a Jakuba.<\/p>\n<\/div>\n\n\n\n<div id=\"masek\" class=\"wp-block-group has-global-padding is-layout-constrained wp-block-group-is-layout-constrained\">\n<figure class=\"wp-block-image alignright size-full is-resized is-style-rounded\"><img loading=\"lazy\" decoding=\"async\" width=\"150\" height=\"150\" src=\"https:\/\/batuvodkazsvetu.cz\/wp-content\/uploads\/2023\/12\/masek.jpg\" alt=\"\" class=\"wp-image-2432\" style=\"object-fit:cover;width:150px;height:150px\"\/><\/figure>\n\n\n\n<h2 class=\"wp-block-heading\"><strong>Jan MA\u0160EK<\/strong> <strong>&#8211; Red Button<\/strong><\/h2>\n\n\n\n<p>Vybral si inovace jako prost\u0159edek k rozvoji odvahy, n\u00e1rodn\u00ed hrdosti a kultivaci spole\u010dnosti jako celku. Pracoval ve spole\u010dnosti 3M na pozici inova\u010dn\u00edho l\u00eddra, kde se nau\u010dil propojovat r\u016fzn\u00e9 funk\u010dn\u00ed modely z jednoho businessu do druh\u00e9ho. Vytv\u00e1\u0159el mosty mezi 3M, jin\u00fdmi firmami a institucemi, aby spole\u010dn\u011b hledali win-win \u0159e\u0161en\u00ed. Je jeden ze zakladatel\u016f s\u00edt\u011b Red Button. R\u00e1d vytv\u00e1\u0159\u00ed s\u00edt\u011b, kter\u00e9 umo\u017e\u0148uj\u00ed hledat zkratky, kter\u00e9 jsou v dne\u0161n\u00ed rychl\u00e9 dob\u011b pot\u0159eba k akceleraci n\u00e1pad\u016f nebo rozvoji businessu. Spoluzalo\u017eil vzd\u011bl\u00e1vac\u00ed platformu Red Button EDU, kter\u00e1 m\u00e1 ambice zkvalit\u0148ovat vzd\u011bl\u00e1vac\u00ed trh a pom\u00e1h\u00e1 firm\u00e1m a organizac\u00edm dostat se do 21. stolet\u00ed.<br><\/p>\n<\/div>\n\n\n\n<div id=\"novak\" class=\"wp-block-group has-global-padding is-layout-constrained wp-block-group-is-layout-constrained\">\n<figure class=\"wp-block-image alignright size-full is-resized is-style-rounded\"><img loading=\"lazy\" decoding=\"async\" width=\"150\" height=\"150\" src=\"https:\/\/batuvodkazsvetu.cz\/wp-content\/uploads\/2023\/12\/BOS.jpg\" alt=\"\" class=\"wp-image-2831\" style=\"object-fit:cover;width:150px;height:150px\"\/><\/figure>\n\n\n\n<h2 class=\"wp-block-heading\"><strong>Viktor NOV\u00c1K \u2013 UTB ve Zl\u00edn\u011b<\/strong><\/h2>\n\n\n\n<p>Viktor Nov\u00e1k je student t\u0159et\u00edho ro\u010dn\u00edku bakal\u00e1\u0159sk\u00e9ho studia na Fakult\u011b managementu a ekonomiky Univerzity Tom\u00e1\u0161e Bati ve Zl\u00edn\u011b. V\u011bnuje se po\u0159\u00e1d\u00e1n\u00ed diskus\u00ed s p\u0159edn\u00edmi odborn\u00edky na t\u00e9mata spojen\u00e1 s investov\u00e1n\u00edm, d\u016fchodovou reformou \u010di makroekonomick\u00fdm v\u00fdvojem. D\u00e1le se pod\u00edl\u00ed na organizaci konference o podnik\u00e1n\u00ed&nbsp;s n\u00e1zvem Zl\u00ednsk\u00fd Barcamp. Jeho hlavn\u00edm z\u00e1jmem jsou finan\u010dn\u00ed trhy, co\u017e dokl\u00e1d\u00e1 druh\u00fdm m\u00edstem v&nbsp;sout\u011b\u017ei CFA Research Challenge a st\u00e1\u017e\u00ed na odd\u011blen\u00ed rizik ve spole\u010dnosti SAB Finance a.s.<\/p>\n<\/div>\n\n\n\n<div id=\"novak\" class=\"wp-block-group has-global-padding is-layout-constrained wp-block-group-is-layout-constrained\">\n<figure class=\"wp-block-image alignright size-full is-resized is-style-rounded\"><img loading=\"lazy\" decoding=\"async\" width=\"150\" height=\"150\" src=\"https:\/\/batuvodkazsvetu.cz\/wp-content\/uploads\/2024\/04\/thumbnail_jk-profile-photo.jpg\" alt=\"\" class=\"wp-image-3044\" style=\"object-fit:cover;width:150px;height:150px\"\/><\/figure>\n\n\n\n<h2 class=\"wp-block-heading\"><strong>Jakub KARLEC \u2013 2FRESH<\/strong><\/h2>\n\n\n\n<p>Jakub se jako designer star\u00e1 o to, aby nov\u00e9 technologie byly pro lidi snadno pou\u017eiteln\u00e9 a podporovaly jejich firemn\u00ed i osobn\u00ed c\u00edle. Je spolumajitel 2FRESH, spole\u010dnosti, kter\u00e1 firm\u00e1m pom\u00e1h\u00e1 s inovacemi, v\u00fdzkumem a designem. Jako designer u\u017e 20 let zkoum\u00e1, navrhuje a testuje informa\u010dn\u00ed syst\u00e9my, weby, aplikace ale tak\u00e9 ovl\u00e1d\u00e1n\u00ed p\u0159\u00edstroj\u016f. Pom\u00e1hal s designem nemocni\u010dn\u00edch syst\u00e9m\u016f, rozhran\u00ed v autech i z\u00e1kaznick\u00fdch aplikac\u00ed bank a oper\u00e1tor\u016f. Dobr\u00fd design je podle Jakuba nezbytnou podm\u00ednkou toho, aby technologie byly nejen \u201ccool\u201d, ale lid\u00e9 je r\u00e1di vyu\u017e\u00edvali a byly opravdu u\u017eite\u010dn\u00e9.<\/p>\n<\/div>\n","protected":false},"excerpt":{"rendered":"<p>Synergie mezi lidmi a technologiemi je stavebn\u00edm kamenem budouc\u00edho sv\u011bta. Harmonick\u00e1 spolupr\u00e1ce otev\u00edr\u00e1 dve\u0159e k nekone\u010dn\u00fdm mo\u017enostem inovac\u00ed a rozvoje, p\u0159in\u00e1\u0161ej\u00edc\u00edch prosperitu a lep\u0161\u00ed kvalitu \u017eivota pro n\u00e1s v\u0161echny. Jak tato synergie m\u016f\u017ee maximalizovat p\u0159\u00ednosy lidsk\u00fdch schopnost\u00ed na jedn\u00e9 stran\u011b a mo\u017enost\u00ed, kter\u00e9 nab\u00edz\u00ed technologie na druh\u00e9 stran\u011b a z\u00e1rove\u0148 minimalizovat omezen\u00ed ka\u017ed\u00e9 z nich? [&hellip;]<\/p>\n","protected":false},"author":1,"featured_media":0,"parent":0,"menu_order":0,"comment_status":"closed","ping_status":"closed","template":"","meta":{"_exactmetrics_skip_tracking":false,"_exactmetrics_sitenote_active":false,"_exactmetrics_sitenote_note":"","_exactmetrics_sitenote_category":0,"ngg_post_thumbnail":0,"footnotes":""},"class_list":["post-2572","page","type-page","status-publish","hentry"],"_links":{"self":[{"href":"https:\/\/batuvodkazsvetu.cz\/index.php\/wp-json\/wp\/v2\/pages\/2572","targetHints":{"allow":["GET"]}}],"collection":[{"href":"https:\/\/batuvodkazsvetu.cz\/index.php\/wp-json\/wp\/v2\/pages"}],"about":[{"href":"https:\/\/batuvodkazsvetu.cz\/index.php\/wp-json\/wp\/v2\/types\/page"}],"author":[{"embeddable":true,"href":"https:\/\/batuvodkazsvetu.cz\/index.php\/wp-json\/wp\/v2\/users\/1"}],"replies":[{"embeddable":true,"href":"https:\/\/batuvodkazsvetu.cz\/index.php\/wp-json\/wp\/v2\/comments?post=2572"}],"version-history":[{"count":27,"href":"https:\/\/batuvodkazsvetu.cz\/index.php\/wp-json\/wp\/v2\/pages\/2572\/revisions"}],"predecessor-version":[{"id":3076,"href":"https:\/\/batuvodkazsvetu.cz\/index.php\/wp-json\/wp\/v2\/pages\/2572\/revisions\/3076"}],"wp:attachment":[{"href":"https:\/\/batuvodkazsvetu.cz\/index.php\/wp-json\/wp\/v2\/media?parent=2572"}],"curies":[{"name":"wp","href":"https:\/\/api.w.org\/{rel}","templated":true}]}}